of z(t).
2, 7
Let j(z) = 2*z**3 - 68*z**2 + 203*z - 662. What are the prime factors of j(43)?
3, 7, 11, 179
Let a(x) be the third derivative of x**4/3 + 28*x**3/3 + 2*x**2 - 137. Let l be 1/(-3) - 40/(-3). What are the prime factors of a(l)?
2, 5
Let b(u) = -21*u**2 + 79*u - 13. Let o be b(-26). List the prime factors of o/(-156) + 6/8.
3, 5, 7
Let k = 3872 + -2184. Let z = -816 + k. What are the prime factors of z?
2, 109
Suppose 5*p - 4*n = 90264, -12*n = -p - 7*n + 18078. List the prime factors of p.
2, 3, 47
Suppose -2674244 = -179*k - 146406. List the prime factors of k.
2, 23, 307
Let n = -41407 - -72268. List the prime factors of n.
3, 127
Let r be -3 + 10 - -3 - 2. Suppose -5*y = -6*y - r. Let x(p) = p**2 + 8*p + 8. What are the prime factors of x(y)?
2
Suppose 0 = -10*d + 8*d. Suppose d = -4*n - 491 - 309. Let t = -120 - n. What are the prime factors of t?
2, 5
Let z = 45 - 41. Suppose -3*o + s = -1123, 0*s - 4*s = -z*o + 1508. Let d = o - 262. What are the prime factors of d?
3, 37
Let w(h) = -2*h - 20. Let k be w(-12). Suppose k*i + i = -5. Let j = i - -51. What are the prime factors of j?
2, 5
Let u(q) = q + 205. Let o(y) = 1. Let t(v) = -4*o(v) + u(v). Let d be t(0). Let w = -90 + d. What are the prime factors of w?
3, 37
Suppose 0 = -s + 3*k - 2 - 6, 2*s - 2*k + 12 = 0. Let v be ((-5)/5 - 2)*s/1. Suppose 67 + v = w - 3*r, r + 80 = w. List the prime factors of w.
79
Let m = 10 + -7. Let g(v) = 7*v**2 - 44*v + 121. Let u be g(3). What are the prime factors of 0 + 2 + m + u?
3, 19
Let a(f) = 11*f**2 - 37*f + 2273. List the prime factors of a(69).
13, 4007
Suppose -4 = -5*w + 6. Let m(y) be the first derivative of 31*y**2/2 - 4*y + 41. What are the prime factors of m(w)?
2, 29
Let k be (-549)/6*(-130)/15. What are the prime factors of k/4 - ((-30)/(-24) + -2)?
199
Suppose -4*h - 3*y = 1402, 7*y = 2*y + 10. Let n = -149 - h. List the prime factors of -2 - ((-12)/(-18) - n/3).
5, 13
Let j = 3615 - 2886. What are the prime factors of j?
3
Let g(x) be the second derivative of x**4/12 - 8*x**3/3 + 29*x**2/2 + x + 31. What are the prime factors of g(26)?
17
Suppose 15*g = 367 + 1373. List the prime factors of g/87*(1 + 1627/2).
2, 3, 181
Suppose 39*g = 468 + 780. What are the prime factors of g/56 + (-13032)/(-28)?
2, 233
Suppose 3*o = 5*d - 49749, -2*d + 14013 + 5885 = -2*o. List the prime factors of d.
3, 31, 107
Suppose -64*s + 8722 = -6448 - 10238. What are the prime factors of s?
397
List the prime factors of 7 + (9198 - -14 - -13).
2, 577
What are the prime factors of (924703/13 - -25) + 6?
2, 7, 13, 17, 23
Let k = -1 + 20. Suppose 4*m - 27 + k = 0. Suppose i + b + m*b - 116 = 0, -120 = -i - 4*b. What are the prime factors of i?
2, 13
Suppose -3*v + 3*j = -2*v, -4*v - 7 = -5*j. Let g be 2 - v/3*-8. List the prime factors of 1 + g + 1 - -101.
97
Let r be (3687/(-18)*-3)/((-1)/2). Let b = -865 - r. What are the prime factors of b?
2, 7, 13
Suppose 5*j = -103 + 848. Let d = 431 + j. What are the prime factors of d?
2, 5, 29
Suppose 5*q - 19 = 11. Let r be (-1)/(((-2)/q)/(14/6)). Suppose 0 = r*y - 6*y - 147. What are the prime factors of y?
3, 7
Let y = -17351 + 20682. What are the prime factors of y?
3331
Let w(h) = -2*h**3 + 2*h**2 - 2*h + 1. Let y be w(1). Let i be (3/4)/(y/(-36)). Let q = 59 + i. What are the prime factors of q?
2, 43
List the prime factors of 5/(-20)*4*-7243 + -4.
3, 19, 127
List the prime factors of (-143)/(-13) - (12 + -1944).
29, 67
Let q(s) be the second derivative of -s**5/40 + 3*s**4/8 + 2*s**3/3 + 3*s. Let u(i) be the second derivative of q(i). What are the prime factors of u(-7)?
2, 3, 5
Let a(h) = -55*h + 245. Let b(d) = 54*d - 204. Let p(f) = 5*a(f) + 6*b(f). Suppose 0 = 5*z + 5*u + 5 - 20, -1 = z - 3*u. What are the prime factors of p(z)?
3, 11
Let z(q) = q**3 + 4*q**2 - 7*q - 4. Let a be z(-5). List the prime factors of 659 + -34 + (-3)/a*4.
7, 89
Let v = 183 - 174. List the prime factors of v/((2/40)/(15/45)).
2, 3, 5
Let m(u) = -21*u**2 - 3*u - 2. Let r be m(-1). Let t = r - -59. Suppose j - 20 = t. List the prime factors of j.
59
Suppose 13*q = 29575 - 10803. Suppose 0 = -4*s + 5*b + q, -354 - 7 = -s + 2*b. What are the prime factors of s?
19
Let t(d) = -120*d - 390. List the prime factors of t(-19).
2, 3, 5, 7
Suppose 35*s - 37033 = 4722. List the prime factors of s.
1193
Let m(k) = -10245*k + 1098. What are the prime factors of m(-5)?
3, 107, 163
Suppose 10*l = 6*l + i + 765, 588 = 3*l + 4*i. What are the prime factors of l?
2, 3
Suppose 0 = 8*b + 2613995 - 7090339. What are the prime factors of 6/(-8) + b/356?
1571
Let p = -22306 - -45874. What are the prime factors of p?
2, 3, 491
Let t(z) = 2*z**3 - 5*z**2 - z - 6. Let u = 12 + -9. Let v be t(u). List the prime factors of (v - 79)*(-4 + 3).
79
List the prime factors of (-7)/21*((-15)/(-5) - 32145).
2, 11, 487
Let d(r) = 226*r + 53. Let o be d(7). Suppose 32*q - 733 = o. What are the prime factors of q?
2, 37
List the prime factors of (1 - -1488)*(1404/432 + 2/(-8)).
3, 1489
Let s = 269 - 266. Suppose -2*o + s*p = p - 882, -p = -4. What are the prime factors of o?
5, 89
Suppose 0 = -7*i + 4*i - 4*v - 91, 95 = -3*i - 5*v. Let s = i + 75. Suppose -10*x + 0*x + s = 0. List the prime factors of x.
5
List the prime factors of ((-181090)/(-3))/7*(-2)/4*-3.
5, 13, 199
Suppose -4*l = 4*b - 36684, 4*b = -115*l + 117*l - 18348. What are the prime factors of l?
2, 2293
Let r(j) = 5*j + 6. Let f be r(-6). Let v = f - -27. Suppose 3*l - v = -k, 0*l = l + 5. What are the prime factors of k?
2, 3
What are the prime factors of (-126)/504*-1450*62?
5, 29, 31
Suppose 14*h + 4663 = 17599. Suppose -h = -28*l + 26*l. What are the prime factors of l?
2, 3, 7, 11
Let m(n) = -1099*n + 1. Let v be m(-1). Suppose 3*o - 704 - v = 5*r, -4*r = -4*o + 2408. List the prime factors of o.
3, 67
Let o be 2 + (-4)/10*5. Suppose -h + 1072 - 860 = o. List the prime factors of h.
2, 53
Let d(r) = -r**2 - 43*r + 1. Let o = -192 - -164. List the prime factors of d(o).
421
Suppose -8*i + 155448 = 50224. Suppose -i = -30*p + 22067. What are the prime factors of p?
2, 587
Suppose -t = -5*o - 40, -7*o + 8*o - 3*t + 8 = 0. Let f(x) = x**3 + 8*x**2 - 36*x - 68. List the prime factors of f(o).
2, 5, 11
Suppose 5*y + 4*o = 12557, -y + 3*o = -2*o - 2494. List the prime factors of y.
13, 193
Let f(v) = -175*v + 44. Suppose -22*t = -14*t + 16. What are the prime factors of f(t)?
2, 197
Suppose 0 = -32*x + 48*x - 277504. What are the prime factors of x?
2, 271
Suppose -5*v + 3*i - 3545 = 2*i, -2*v - 1396 = 4*i. Let l = 1665 + v. What are the prime factors of l?
3, 11, 29
Let u(b) = -22*b**3 + 3*b**2 - 2. Let h be u(-1). Let s(c) = -c**2 + 2*c + 4. Let n be s(5). Let z = h - n. List the prime factors of z.
2, 17
Suppose -2*r + 5807 = -4*s + s, 0 = -3*r - 4*s + 8736. Suppose -138*x = -142*x + r. What are the prime factors of x?
727
Suppose 5*o - 38235 = -5*m, -4*m = 4*o - 2*o - 30584. List the prime factors of m.
5, 11, 139
What are the prime factors of -2 + 232/(-32) + 9 - 228762/(-8)?
5, 7, 19, 43
Let n = 578 - -1143. Suppose 3951 = 8*p - n. What are the prime factors of p?
709
Let y(w) = 517*w**3 + w**2 - 5*w + 5. Let u(n) = -n**2 - 30*n + 137. Let j be u(4). What are the prime factors of y(j)?
2, 7, 37
Let p = 19 - -72. Suppose p = 5*o - 44. List the prime factors of o.
3
List the prime factors of (-321334)/(-11) - (2674/(-8404) + (-1)/(-2)).
2, 67, 109
Let y(x) = 242*x - 80. Let n be y(-4). Let c = -342 - n. List the prime factors of c.
2, 353
Let f(w) = 5*w**3 + 4*w**2 - 3*w + 26. Let u be f(6). Let k = -867 + u. List the prime factors of k.
5, 73
Suppose -609*z - 1868004 = -837*z. What are the prime factors of z?
3, 2731
Let s = -17 - -90. Let m be 5*2*-6*(-10)/75. List the prime factors of 47596/s*(10/m + -1).
163
Let j be (-3)/(-2)*(-70)/(-21). Suppose 8*n = -j*n. Suppose n = 4*m - 2*b + 7*b - 216, 2*b + 303 = 5*m. List the prime factors of m.
59
Suppose 0 = 2*b + 4*r - 24, 4*b + 0*b = 3*r + 48. Suppose -b*m = -1013 - 283. What are the prime factors of m?
2, 3
Suppose 246 = -5*j + 3*q, 3*j - j - 4*q = -90. Let f = j - 49. List the prime factors of 1 + 3 + -6 - f.
2, 7
Suppose 68 = 7*c + 26. Suppose c*k = -0*k + 126. What are the prime factors of 1038/k + 16/28 + -1?
7
Let g(k) = -294*k*